 7) to base 6
-300050
What is -704d (base 15) in base 9?
-35451
767 (base 14) to base 2
10110110111
What is 206 (base 15) in base 8?
710
Convert 13442 (base 12) to base 13.
c110
What is -15b (base 14) in base 9?
-337
1826 (base 9) to base 2
10101111001
What is 86378 (base 9) in base 14?
16ba0
What is -403 (base 7) in base 10?
-199
What is 9806 (base 13) in base 5?
1134011
110223 (base 4) to base 13
7aa
-113 (base 8) to base 6
-203
1222 (base 6) to base 14
178
962 (base 11) to base 7
3242
1d0 (base 14) to base 6
1430
10222 (base 3) to base 5
412
1010100010 (base 2) to base 10
674
-273b (base 12) to base 3
-20012002
What is 196 (base 11) in base 16?
e2
Convert 111222 (base 3) to base 2.
101111001
Convert -1324 (base 10) to base 15.
-5d4
Convert 108 (base 13) to base 8.
261
-59773 (base 10) to base 4
-32211331
Convert -10101000011 (base 2) to base 4.
-111003
What is -11c5 (base 14) in base 7?
-12035
Convert -76 (base 16) to base 9.
-141
What is -212220 (base 3) in base 4?
-22011
What is 697 (base 15) in base 14?
788
72ab (base 12) to base 7
51326
Convert 19b00 (base 12) to base 10.
37872
What is 127b (base 13) in base 2?
101001001101
-10a6b (base 12) to base 5
-1203014
Convert 70d (base 15) to base 4.
120310
What is 465 (base 9) in base 10?
383
Convert -fd (base 16) to base 6.
-1101
-2213 (base 5) to base 4
-10310
What is 10113 (base 5) in base 12?
46a
What is -232 (base 13) in base 15?
-1a4
Convert 1472 (base 10) to base 7.
4202
What is 1100000000001 (base 2) in base 10?
6145
Convert -2864 (base 9) to base 13.
-ca6
What is -3220 (base 4) in base 15?
-107
Convert -230321 (base 7) to base 15.
-c21e
304020 (base 7) to base 2
1100101001011111
Convert -127 (base 15) to base 3.
-100201
-604 (base 15) to base 10
-1354
-8100 (base 10) to base 15
-2600
Convert -2397 (base 16) to base 11.
-6933
1101211 (base 3) to base 16
3fd
Convert -20120 (base 5) to base 9.
-1677
Convert -16403 (base 9) to base 16.
-2bfe
What is -65 (base 7) in base 5?
-142
Convert 12896 (base 11) to base 5.
1042001
1eb (base 15) to base 12
312
111010 (base 3) to base 10
354
Convert 5a1 (base 12) to base 2.
1101001001
Convert 1000100221 (base 3) to base 14.
73b1
What is -36511 (base 10) in base 3?
-1212002021
Convert 100101010001 (base 2) to base 7.
6645
What is 11102100 (base 3) in base 4?
302112
-18214 (base 11) to base 8
-61712
-d9 (base 15) to base 10
-204
What is 2132222 (base 5) in base 11?
25519
What is -63ea (base 15) in base 4?
-11022121
What is 100011000001 (base 2) in base 15?
9e6
What is -6301 (base 16) in base 5?
-1302340
Convert 2320212 (base 5) to base 7.
233152
What is -100100101001010 (base 2) in base 9?
-27656
Convert -b96 (base 12) to base 14.
-894
143550 (base 6) to base 14
5070
Convert 83e5 (base 15) to base 12.
14182
What is -134886 (base 9) in base 12?
-3b806
What is e4d9 (base 15) in base 9?
73286
-6206 (base 9) to base 16
-11be
b734 (base 15) to base 6
455221
What is 15414 (base 6) in base 12?
156a
Convert 1043 (base 6) to base 14.
135
Convert -197e (base 16) to base 11.
-49a3
3332 (base 5) to base 7
1235
Convert 660f (base 16) to base 13.
bb7a
Convert 41552 (base 8) to base 12.
9ba2
What is 14166 (base 8) in base 6?
44554
What is dbbd (base 15) in base 12?
22b14
1100100001111011 (base 2) to base 11
35618
110010011 (base 2) to base 7
1114
What is -713 (base 9) in base 5?
-4304
What is 1001122 (base 5) in base 6?
201031
Convert 4131 (base 16) to base 8.
40461
Convert 696 (base 12) to base 13.
5a3
What is 284 (base 16) in base 3?
212212
What is -21033 (base 4) in base 6?
-2423
Convert -2a7 (base 11) to base 3.
-111022
Convert -10011000 (base 3) to base 4.
-203313
What is -1334 (base 5) in base 6?
-1003
What is -22 (base 3) in base 13?
-8
What is -12300 (base 4) in base 5?
-3212
-16070 (base 11) to base 14
-83ba
1010011101001 (base 2) to base 8
12351
What is 11103 (base 5) in base 6?
3334
Convert 5abd (base 15) to base 2.
100101101100111
Convert 757 (base 11) to base 7.
2436
What is 3587 (base 11) in base 15?
15cd
Convert -45e (base 16) to base 8.
-2136
What is 22202 (base 4) in base 5?
10144
Convert -5b45 (base 12) to base 14.
-3a61
Convert -185 (base 13) to base 7.
-545
2809 (base 10) to base 8
5371
What is 3053 (base 9) in base 10?
2235
Convert 210001 (base 5) to base 15.
2086
What is -619 (base 14) in base 5?
-14244
What is 18b2 (base 12) in base 6?
21542
What is 21121303 (base 4) in base 13?
146b9
Convert 30390 (base 11) to base 7.
243255
What is 25bb (base 15) in base 3?
102001012
4b31 (base 12) to base 11
6458
What is 3156 (base 8) in base 11?
1267
Convert 4a1a (base 14) to base 5.
403320
-28 (base 12) to base 16
-20
1528 (base 15) to base 16
11ba
Convert -100 (base 7) to base 2.
-110001
Convert 2524 (base 10) to base 12.
1564
248 (base 9) to base 3
21122
What is -200101 (base 3) in base 7?
-1306
Convert -2424322 (base 5) to base 9.
-68472
-4047 (base 9) to base 5
-43314
What is -38640 (base 9) in base 3?
-1022201100
What is -54f6 (base 16) in base 11?
-15383
Convert 453353 (base 6) to base 10.
38373
-5114 (base 9) to base 11
-289a
Convert -7612 (base 9) to base 7.
-22220
3b7b (base 13) to base 9
12652
10055 (base 8) to base 15
1361
Convert 100110 (base 2) to base 10.
38
-3f8 (base 16) to base 5
-13031
e9c (base 15) to base 11
2528
What is 12046 (base 7) in base 4?
300301
Convert -bc6 (base 13) to base 11.
-1578
What is 7eb (base 16) in base 12?
120b
7ab2 (base 13) to base 3
212121120
-11032 (base 5) to base 9
-1042
1523 (base 6) to base 14
215
221211 (base 4) to base 11
1aaa
Convert 101221 (base 3) to base 4.
10213
What is -111 (base 4) in base 6?
-33
-6266 (base 7) to base 4
-202130
What is 2b (base 14) in base 3?
1110
What is 40000 (base 5) in base 9?
3377
Convert -32562 (base 9) to base 12.
-10602
Convert -25a (base 15) to base 8.
-1027
89b (base 12) to base 2
10011110111
435 (base 11) to base 13
312
Convert -4472 (base 12) to base 8.
-16626
1100010010 (base 2) to base 15
376
-910 (base 10) to base 12
-63a
-10554 (base 6) to base 4
-113212
-21ca (base 15) to base 14
-287b
24 (base 6) to base 8
20
Convert 8 (base 15) to base 12.
8
Convert -13114 (base 6) to base 12.
-119a
Convert 9d1d (base 15) to base 2.
1000001000110000
Convert -2532 (base 6) to base 8.
-1170
218 (base 13) to base 2
101100111
What is -31223 (base 4) in base 16?
-36b
Convert 1737 (base 8) to base 11.
821
Convert 3814 (base 9) to base 11.
215a
-4510 (base 6) to base 3
-1102220
What is 4043 (base 7) in base 10?
1403
Convert 11110012 (base 3) to base 14.
127b
What is 112011 (base 3) in base 9?
464
21242 (base 5) to base 3
1222121
Convert 10589 (base 10) to base 4.
2211131
664 (base 8) to base 12
304
What is -142333 (base 5) in base 14?
-2264
-316a (base 14) to base 6
-103242
What is -152 (base 14) in base 3?
-100221
Convert 33291 (base 10) to base 4.
20020023
What is -815 (base 9) in base 4?
-22112
What is 2022122 (base 3) in base 10?
1691
Convert 30031 (base 4) to base 16.
30d
735 (base 8) to base 5
3402
What is -5687 (base 9) in base 6?
-31254
What is 46244 (base 8) in base 6?
230500
Convert -281 (base 15) to base 13.
-34c
-11267 (base 12) to base 11
-16176
-32650 (base 7) to base 5
-230333
-669 (base 14) to base 5
-20034
What is 5413 (base 10) in base 14?
1d89
552 (base 6) to base 3
21212
Convert 22144 (base 5) to base 10.
1549
201211 (base 3) to base 8
1027
-114330 (base 5) to base 13
-1c8b
What is -344 (base 14) in base 10?
-648
1303a (base 12) to base 8
62556
Convert 10011111101111 (base 2) to base 7.
41543
What is -22122 (base 3) in base 10?
-233
What is 495 (base 10) in base 3?
200100
11001010000011 (base 2) to base 7
52462
Convert 1c5e (base 15) to base 13.
2a62
Convert -2203 (base 12) to base 14.
-1519
What is -3133030 (base 4) in base 3?
-201121001
What is 36113 (base 8) in base 2?
11110001001011
What is 1d5 (base 15) in base 6?
1545
Convert -525 (base 12) to base 15.
-34e
What is -111 (base 15) in base 12?
-181
What is -100011010000 (base 2) in base 3?
-10002120
What is 20002020 (base 3) in base 12?
2696
What is 5794 (base 13) in base 12?
7141
What is 20721 (base 8) in base 14?
3225
Convert -1ba1 (base 13) to base 5.
-113222
Convert 1010000110011011 (base 2) to base 14.
11111
5745 (base 8) to base 12
1919
Convert 404 (base 7) to base 3.
21102
What is -10121000 (base 3) in 